 = -6*a. What is the remainder when a is divided by 10?
6
Let i(p) = -15*p**2 + p - 1. Let k be i(1). Let v = -7 - k. What is the remainder when v is divided by 3?
2
Let y = 11 + -8. Suppose p + 116 = y*s, -p - 10 = p. Calculate the remainder when s is divided by 13.
11
Suppose 13*m + 0*m - 286 = 0. Calculate the remainder when m is divided by 7.
1
Let l be (20/(-12))/((-2)/(-6)). Let k(i) = -i**3 - 3*i**2 + 4*i + 2. Let x(f) = -f**2 + 6*f + 3. What is the remainder when k(l) is divided by x(4)?
10
Suppose -4*t = -0*t - 24. Calculate the remainder when 8 is divided by t.
2
Let c(y) = y**3 + 4*y**2 + 2*y. Let z be c(-3). Suppose -74 = v - z*v. What is the remainder when v is divided by 19?
18
Suppose -2*t + 275 = 3*t + 5*l, -l - 215 = -4*t. What is the remainder when t is divided by 14?
12
Suppose -3*z + 2*z + 43 = 0. Calculate the remainder when z is divided by 44/16*4*2.
21
Let h(v) = 3*v**2 + 3*v + 9. Let o be h(-6). Let q = o - 46. What is the remainder when q is divided by 18?
17
Let o be (6/(-2))/((-2)/12). Suppose -a = 4*z - o, -5*z + 12 = -3*a - 2. Suppose 5*u + 2 = 17. Calculate the remainder when u is divided by a.
1
Let m = -3 + 9. Let p(f) = -2*f + 6. Let i be p(m). Let j(q) = -2*q - 9. What is the remainder when 7 is divided by j(i)?
1
Suppose -4*z + 1 = -15. Suppose -30 - 14 = -z*l. Let k = -19 - -51. What is the remainder when k is divided by l?
10
Suppose -2*p = -19 - 13. What is the remainder when 95 is divided by p?
15
Let s = 86 - 58. Let o(y) = -3*y. What is the remainder when s is divided by o(-5)?
13
Let s be 4/((-8)/(-6)) - -40. Suppose -2*z + s = -3. What is the remainder when z is divided by 13?
10
Let p = 49 + -23. Let h be (-8)/(-6) - 4/(-6). What is the remainder when p is divided by ((-3)/h - -2)*28?
12
Suppose -4*a - 7*w + 16 = -2*w, a = -5*w - 11. Calculate the remainder when (-228)/(-14) - 2/7 is divided by a.
7
Calculate the remainder when (-16 - -17)*(504 + -1) is divided by 72.
71
Let b = -14 + 44. What is the remainder when b is divided by 8?
6
Let b = -91 - -100. What is the remainder when 25 is divided by b?
7
Let c = 66 + -42. Suppose -5*f + c + 16 = 0. Let d = -20 - -34. What is the remainder when d is divided by f?
6
Let d(m) = -m**2 - 16*m - 13. What is the remainder when 174 is divided by d(-12)?
34
Suppose -x + 0 + 3 = 0. Suppose -10 - 62 = -x*i. What is the remainder when i is divided by (-26)/3*6/(-4)?
11
Let b(u) = -u**3 - 3*u**2 + 3*u + 5. Let k be (-174)/(-10) - 12/30. Suppose 0 = 2*i + 5*m - k, -4*m + 5*m = 5. What is the remainder when 24 is divided by b(i)?
6
Suppose g - 8 = -3*d, 5*d - 36 = -3*g - 8. Calculate the remainder when 142 is divided by g.
10
Let s(h) = -h**2 - 8*h - 4. Calculate the remainder when 65 is divided by s(-5).
10
Suppose 2*i + 17 = 3*k, -k + 5*i - 38 = -5*k. Calculate the remainder when 26 is divided by k.
5
Let m = -4 + 17. What is the remainder when 36 is divided by m?
10
Let u be (-8)/2 - -2 - -84. Let n = u + -48. What is the remainder when 133 is divided by n?
31
Let u = -27 - -44. Let f(g) = 0 + 1 + 3*g**2 + 0*g**2. Calculate the remainder when f(-4) is divided by u.
15
What is the remainder when 34 is divided by 91/5 - 3/(15/1)?
16
Let h(d) = 4*d**2 - 2*d - 1. Suppose 0 = -3*n - 12, 5*p - 2*n = n - 3. Let x be h(p). Let m = -27 + x. Calculate the remainder when m is divided by 8.
6
Let d(z) = -z + 8. Let v be d(6). Let o = -2 + 12. Let a = o - v. What is the remainder when a is divided by 3?
2
Let i(s) = 7*s - 13. Suppose -20 - 92 = -4*n. Calculate the remainder when n is divided by i(4).
13
Let f(r) = r + 9. Let q be f(-7). Suppose -q = 4*l - 30. What is the remainder when 13 is divided by l?
6
Suppose -4*f = -2*m + f + 9, -4*f = 4*m - 88. What is the remainder when 33 is divided by m?
16
Suppose 0 = 2*d + 3*d - 4*r - 132, -r = d - 30. Calculate the remainder when 111 is divided by d.
27
Let a(q) = 2*q**2 + q - 3. Let o be a(3). Suppose -5*c = -2*c + o. Calculate the remainder when 41 is divided by -1 + (-45)/(3 + c).
13
Let o = 9 + -1. Suppose -3*p = -c - o, -c - 3*p = -8*p + 12. Let m(t) = -4*t - 1. Calculate the remainder when 12 is divided by m(c).
5
Suppose 0 = 5*q - 14 - 46. What is the remainder when 23 is divided by q?
11
Let h be 3 - 2/(1 - -1). Let v(r) be the first derivative of 10*r**3/3 + r**2/2 + 2*r - 10. Calculate the remainder when v(h) is divided by 15.
14
Let h(q) = q**3 + q**2 - 3*q + 67. Calculate the remainder when h(0) is divided by 34.
33
Let r(j) = -5*j - 2. Let i = 100 + -66. Calculate the remainder when i is divided by r(-4).
16
Suppose 3*s = s + 126. Let m be (-4 + 5)/((-1)/(-2)). Suppose -f = m*f - s. Calculate the remainder when 61 is divided by f.
19
Suppose 8*r - 14 = 6*r. Calculate the remainder when 27 is divided by r.
6
Let s(o) = -o**3 - 4*o**2 + 5*o + 6. Let b be s(-5). Suppose -4*w + 5*v = -65, -v - v + b = 0. Calculate the remainder when 59 is divided by w.
19
Calculate the remainder when (-1236)/(-27) + ((-16)/(-9))/8 is divided by 8.
6
Suppose -2*d = -4*h + 15 + 1, 2*d + 2*h - 14 = 0. Suppose d*s + 3*a = 11, 7 = -0*s + s + 3*a. Calculate the remainder when 12 is divided by s.
0
Suppose -29 = -3*y - 2*t + 4*t, -4*y + 24 = t. What is the remainder when 39 is divided by y?
4
Suppose -2*o = -0*o - 24. Let u(z) be the third derivative of -z**4/6 + z**3/6 - z**2. What is the remainder when u(-5) is divided by o?
9
Suppose -y + 3*g - 2 = 0, -2*y + 6*g = 3*g - 2. What is the remainder when (-777)/14*y/(-6) is divided by 13?
11
Suppose -5*j + 0*l + 15 = 2*l, -5*j + l = 0. Let h(i) = 4*i**3 + i**2 - i. Calculate the remainder when 7 is divided by h(j).
3
Suppose 0 = 2*t - 91 - 9. Suppose 52 = 5*u - 33. What is the remainder when t is divided by u?
16
Calculate the remainder when (-152)/(-5) - 63/(-105) is divided by 16.
15
Let m(q) = -q**2 + 6*q + 3. What is the remainder when 104 is divided by m(3)?
8
Let g = -12 - -21. Let b(h) = -3*h + 12. What is the remainder when b(-4) is divided by g?
6
Let z = -4 + 18. Let b = z + -9. What is the remainder when 14 is divided by b?
4
Let m(d) = 2*d + 13. Let g be m(-7). Let n(b) = -73*b - 1. Calculate the remainder when n(g) is divided by 37.
35
What is the remainder when 42 - ((5 - 3) + 1) is divided by (-3)/1*40/(-6)?
19
Let v = 45 - 18. Calculate the remainder when v is divided by 15.
12
Let x be (-3)/(-1) + (-4 - -5). Suppose 5*q = 2*u - x*u + 103, -5*u = -20. Let i(o) = 13*o**2 + 4. Calculate the remainder when i(-2) is divided by q.
18
Let g = -2 + 7. Suppose 20 + 0 = -g*v. What is the remainder when 54 is divided by 1*11 - (1 + v)?
12
Suppose -4*r = 2773 + 1047. What is the remainder when r/(-11) - 8/(-44) is divided by 30?
27
Let c(b) = b**3 + 4*b**2 - 2. Suppose 5 = 5*r + 5*s, 3*s - 1 = 2*r - 8. Let o(v) = v**3 + 2*v**2 + v + 1. What is the remainder when o(r) is divided by c(-3)?
5
Suppose 0*j - 3*j = -3*a + 18, 0 = -2*a - 4*j. Let i = 1 + a. What is the remainder when 13 is divided by i?
3
Suppose -3*c = 9, -4*c = 3*z - 0*c - 216. Suppose 4*q + 121 = 5*a, 2*a - q = 5*a - z. Let p(t) = 3*t. What is the remainder when a is divided by p(3)?
7
Let t(b) = -b**3 + 4*b**2 + 2*b - 3. Let u be t(4). Suppose -u = -5*k, 4*c - 57 = 2*k - 15. What is the remainder when c is divided by ((-16)/10)/((-8)/20)?
3
Let q = 22 + -20. Suppose -u = -b, 2*u + 4*b + 0*b - 12 = 0. What is the remainder when q is divided by u?
0
Let u(l) = l**3 - 3*l**2 - 2*l + 5. Let g be -8*(3/(-12) + 0). Suppose -g*t + 6 = -2. Calculate the remainder when u(t) is divided by 7.
6
Let d(w) = w**2 + 3*w + 3. Let z = 22 + -3. Calculate the remainder when z is divided by d(-4).
5
Suppose -2*s = -7*s + 10. Suppose -s = 4*b - 98. What is the remainder when 3/(-2)*284/(-6) is divided by b?
23
Let z be 4/6 - (-44)/(-12). Let g(d) = d**2 + 3*d + 3. What is the remainder when g(z) is divided by (-5)/(10/(-6)) + -1?
1
Suppose 2*m + 1 = 33. Calculate the remainder when m is divided by 6.
4
Suppose 4*u + 7*x - 12 = 3*x, 4*u + x - 24 = 0. Suppose -z = 2*z - 9. Calculate the remainder when u is divided by z.
1
Suppose -t - 2*t = -96. Let y(r) = -r**3 - 4*r**2 + 8*r + 4. Let b be y(-5). What is the remainder when t is divided by b*(-1)/1 - 0?
10
Suppose c + 2*c + 4*i = 28, -i = 5. What is the remainder when 60 is divided by c?
12
Let